e z(-8).
-545
Let x(f) = 57*f**2 + 23152*f + 4055. Determine x(-406).
-5
Let k(w) = w**3 + 228*w**2 + 919*w + 5189. Determine k(-224).
37
Let l(g) = -2*g**3 - 125*g**2 - 172*g + 681. Give l(-61).
10
Let p(u) = 2*u**3 + 215*u**2 - 1024*u - 27422. What is p(-111)?
-5
Let g(x) = 3*x**3 + 124*x**2 - 108*x - 23. What is g(-42)?
985
Let m(l) = 8*l**2 + 9*l - 662. Calculate m(-10).
48
Let t(b) = 9695*b - 155125. Give t(16).
-5
Let u(w) = w**2 + 10609*w + 95405. What is u(-9)?
5
Let j(m) = 5*m**3 - 2549*m**2 - 536*m + 13245. Give j(510).
-15
Let n(x) = -7109*x + 426576. Determine n(60).
36
Let a(x) = x**3 - 52*x**2 + 673*x + 27. Calculate a(24).
51
Let q(d) = -306*d**2 + 92094*d + 3609. What is q(301)?
-3
Let a(n) = 2*n**3 + 23*n**2 + 290*n + 3306. What is a(-10)?
706
Let s(n) = 2*n**2 + 147*n + 1500. What is s(-61)?
-25
Let h(i) = -i**3 + 15*i**2 - 78*i + 505. Determine h(6).
361
Let a(m) = 350*m + 40618. What is a(-116)?
18
Let c(x) = 13*x**2 - 5932*x - 52517. Calculate c(465).
28
Let u(a) = 186582*a - 5410893. Give u(29).
-15
Let l(x) = -104257*x + 938233. Determine l(9).
-80
Let q(z) = -88*z**2 - 437*z + 442. Determine q(1).
-83
Let l(c) = -543*c + 54854. Calculate l(101).
11
Let n(r) = -134*r + 18709. Determine n(140).
-51
Let u(l) = -4*l**3 + 10*l**2 - 30*l - 24. Calculate u(6).
-708
Let c(p) = -p**3 + 33*p**2 - 253*p - 31. Determine c(22).
-273
Let a(t) = -2157*t + 330023. Determine a(153).
2
Let v(n) = -n**3 + 86*n**2 + 2237*n + 1126. What is v(107)?
56
Let l(g) = -g**3 - 29*g**2 + 135*g - 316. Calculate l(-34).
874
Let s(i) = -16*i**2 - 670*i + 121. What is s(-42)?
37
Let t(u) = -72*u**3 - u**2 - 55*u + 112. What is t(2)?
-578
Let l(n) = -5*n**2 - 36*n + 75. Determine l(-7).
82
Let k(f) = 40*f**2 + 647*f + 105. What is k(-16)?
-7
Let n(s) = 26*s**2 - 210*s + 342. Determine n(6).
18
Let q(v) = -v**3 - 43*v**2 - 389*v + 495. What is q(-15)?
30
Let b(q) = -1711*q + 126628. Give b(74).
14
Let v(w) = w**3 + 20*w**2 + 88*w + 1033. Determine v(-16).
649
Let t(l) = -237339*l - 3322745. Give t(-14).
1
Let z(c) = 5*c**3 - 3*c**2 - 338*c + 604. What is z(-9)?
-242
Let k(t) = -t**3 + 530*t**2 - 32591*t + 124. Give k(71).
-18
Let u(q) = 64348*q + 193046. What is u(-3)?
2
Let x(o) = 497*o - 2107. Calculate x(5).
378
Let i(l) = -l**3 - 21*l**2 - 89*l - 2371. Calculate i(-17).
-2014
Let a(j) = 3*j**3 - 2*j**2 - 161*j + 860. Calculate a(7).
664
Let x(p) = -15*p**2 + 6686*p - 18129. Determine x(443).
34
Let x(b) = -2*b**2 - 454*b + 11026. Calculate x(22).
70
Let s(r) = r**3 + 32*r**2 + 771*r + 15746. Determine s(-27).
-1426
Let i(m) = 5839*m - 58518. Give i(10).
-128
Let k(m) = -m**3 - 40*m**2 + 1301*m + 47112. Calculate k(-46).
-38
Let j(f) = -199*f + 6479. What is j(32)?
111
Let o(k) = -63063*k + 189163. Determine o(3).
-26
Let p(x) = 3*x**3 - 24*x**2 + 44*x - 440. What is p(11)?
1133
Let q(v) = -19*v**2 - 104*v + 326. Calculate q(3).
-157
Let k(c) = 8*c**2 + 612*c + 4291. Give k(-7).
399
Let g(n) = 214*n - 11906. What is g(56)?
78
Let b(q) = -2*q**3 + 230*q**2 - 1050*q + 42327. What is b(112)?
-9
Let n(c) = -c**2 - 145*c + 13277. Calculate n(62).
443
Let c(v) = 57379*v + 57265. What is c(-1)?
-114
Let z(f) = 809*f - 56187. Determine z(74).
3679
Let k(y) = y**3 - 564*y**2 + 16*y - 9084. Calculate k(564).
-60
Let x(o) = o**2 + 1418*o + 38905. Give x(-28).
-15
Let a(b) = 111303*b - 1558248. Determine a(14).
-6
Let v(z) = 10962*z**2 + 328860*z + 5. Calculate v(-30).
5
Let b(d) = -d**2 - 187*d - 3846. Give b(-26).
340
Let g(r) = 93851*r + 10135901. What is g(-108)?
-7
Let y(j) = 1138*j**3 - 18208*j**2 - 24*j + 357. Give y(16).
-27
Let b(u) = -285*u**2 + 362*u + 715. Give b(-2).
-1149
Let f(g) = -2*g**2 + 578*g - 39780. Give f(113).
-4
Let q(f) = 5*f**3 - 30*f**2 + 10*f + 339. Calculate q(6).
399
Let x(p) = 421*p + 23427. Calculate x(-56).
-149
Let g(w) = 6054*w - 732531. What is g(121)?
3
Let k(i) = -15722*i + 4087715. Give k(260).
-5
Let x(g) = 2*g**2 - 130*g + 1883. Give x(21).
35
Let j(f) = 81*f**3 - 1388*f**2 + 190*f - 44. Calculate j(17).
7
Let d(n) = -n**2 - 204*n - 6711. Calculate d(-38).
-403
Let k(c) = 593392*c + 3560348. Determine k(-6).
-4
Let g(n) = 2*n**2 - 800*n + 34357. Give g(49).
-41
Let q(x) = 6*x**2 - 61*x - 34. What is q(11)?
21
Let i(p) = 7837*p + 8146. Calculate i(-1).
309
Let o(l) = -6*l**2 + 1366*l + 10407. Calculate o(235).
67
Let l(y) = y**2 - 427757*y - 2994352. Determine l(-7).
-4
Let l(c) = 14*c**3 + 102*c**2 + 33*c + 55. Determine l(-7).
20
Let x(u) = -u**3 + 151*u**2 - 101*u - 7529. Calculate x(150).
-179
Let g(l) = 2*l**2 + 166*l + 2387. Give g(-50).
-913
Let d(k) = -1886*k + 1020559. Calculate d(541).
233
Let s(i) = -i**3 - 23*i**2 + 733*i + 360. Determine s(-41).
565
Let r(g) = -3*g**3 + 162*g**2 + 161*g - 9320. Calculate r(54).
-626
Let q(o) = 191869*o - 575714. Give q(3).
-107
Let j(n) = -21*n**2 + 19*n - 14. Determine j(-4).
-426
Let i(x) = 25*x**3 - 20401*x**2 + 810*x + 4883. Determine i(816).
-13
Let a(w) = 441*w + 41843. What is a(-95)?
-52
Let u(q) = q**2 + 87577*q + 612972. What is u(-7)?
-18
Let u(d) = -254*d - 159986. What is u(-630)?
34
Let k(i) = 22*i**2 + 152*i - 512. Give k(3).
142
Let i(x) = -50*x**2 + 105373*x + 105374. Determine i(-1).
-49
Let x(f) = 52*f**2 + 467*f - 36. Determine x(-12).
1848
Let b(a) = -2*a**3 - 2*a**2 - 2281*a - 14122. Determine b(-6).
-76
Let c(m) = 1141*m - 23580. Determine c(21).
381
Let s(o) = -7*o**3 - 483*o**2 - 27*o - 1847. Determine s(-69).
16
Let t(v) = -v**2 + 75*v - 1318. Give t(45).
32
Let w(y) = 2*y**2 - 466*y + 12650. What is w(205)?
1170
Let g(w) = 5*w**3 + 26*w**2 + 3149*w + 15722. What is g(-5)?
2
Let c(h) = h**3 - 9*h**2 - 3737*h - 4. Give c(0).
-4
Let q(c) = -8*c**3 - 222*c**2 - 235*c - 1968. Give q(-27).
3
Let d(j) = -j**3 - 15*j**2 - 59*j - 21. Determine d(-10).
69
Let t(s) = -724*s**2 - 36351*s - 7546. Give t(-50).
4
Let k(b) = -62*b**2 - 8938*b - 36097. Determine k(-140).
23
Let l(g) = -180*g**2 + 86*g + 31. Give l(-1).
-235
Let y(a) = 5435972*a - 16307908. Give y(3).
8
Let o(l) = -l**3 - 37*l**2 + 132*l - 1298. Give o(-41).
14
Let p(y) = -y**3 - 165*y**2 - 844*y - 6779. What is p(-160)?
261
Let b(y) = -9651*y - 49483. Calculate b(-6).
8423
Let d(b) = -13*b**3 + 515*b**2 + 210*b - 164. Determine d(40).
236
Let o(x) = -2*x**2 - 84*x - 232. Calculate o(-51).
-1150
Let i(k) = k**3 + 302*k**2 + 4409*k + 29826. What is i(-287)?
-22
Let x(i) = 191982*i + 97526857. What is x(-508)?
1
Let b(v) = -22*v**2 + 828*v + 7510. What is b(-9)?
-1724
Let r(w) = -3*w**3 - 168*w**2 - 372*w + 418. Give r(-3).
103
Let j(l) = 4*l**3 - 733*l**2 + 903*l + 1364. What is j(182)?
90
Let h(k) = k**2 - 67524*k + 1215214. What is h(18)?
106
Let q(c) = -1845*c - 1771254. What is q(-960)?
-54
Let k(c) = -439*c - 847. What is k(-2)?
31
Let c(t) = -t**3 + 7*t**2 + 271*t - 1893. Determine c(7).
4
Let g(c) = -77*c**2 + 1001*c - 3986. What is g(4)?
-1214
Let b(r) = r**3 + 100*r**2 + 2378*r + 166. Calculate b(-39).
205
Let t(f) = f**3 - 75*f**2 + 604*f + 463. Give t(10).
3
Let o(n) = -2*n**3 + 7*n**2 - 7612*n + 38069. Calculate o(5).
-66
Let p(u) = -15260*u - 153719. What is p(-10)?
-1119
Let c(j) = j**2 - 224*j + 8772. Calculate c(50).
72
Let m(z) = 8701*z - 3506492. What is m(403)?
11
Let c(v) = -2*v**3 - 35*v**2 + 52*v - 17. Calculate c(-11).
-2162
Let m(t) = -t**2 + 107*t - 2695. Give m(81).
-589
Let u(f) = -f**2 - 4081*f - 40928. Give u(-10).
-218
Let t(z) = -2836*z + 28405. Calculate t(10).
45
Let u(a) = -460*a + 2289. Calculate u(8).
-1391
Let t(n) = -5433*n - 342239. Calculate t(-63).
40
Let k(a) = -509585*a + 4586275. Calculate k(9).
10
Let i(x) = -x**2 - 1226*x + 108660. Determine i(83).
13
Let i(m) = m**3 - 40*m**2 + 130*m - 68. Give i(36).
-572
Let p(b) = -39*b**3 - 27497*b**2 - 1423*b - 9160. Give p(-705).
5
Let y(s) = -s**2 + 39*s + 4324. Calculate y(-50).
-126
Let n(o) = -2*o**3 + 56*o**2 - 399*o + 6228. What is n(25)?
3
Let d(f) = 12805*f - 883475. Determine d(69).
70
Let d(i) = 77314*i - 232216. Give d(3).
-274
Let m(q) = -q**3 - 48*q**2 - 575*q - 993. What is m(-30)?
57
Let z(t) = 128*t - 2418. What is z(17)?
-242
Let p(z) = 8371*z - 159052. What is p(19)?
-3
Let q(k) = -5416*k**2 - 86667*k - 172. Determine q(-16).
4
Let b(o) = -88*o**3 - 32*o**2 - 40*o + 83. Determine b(-3).
2291
Let